{"id":86,"date":"2013-02-10T15:27:58","date_gmt":"2013-02-10T14:27:58","guid":{"rendered":"http:\/\/www.moerk-metall.de\/m-neu\/?page_id=86"},"modified":"2024-07-19T11:37:55","modified_gmt":"2024-07-19T09:37:55","slug":"leistungen","status":"publish","type":"page","link":"https:\/\/www.moerk-metall.de\/?page_id=86","title":{"rendered":"Leistungen"},"content":{"rendered":"<p>Wir fertigen <strong>Laserteile<\/strong> nach Ihren Konstruktionszeichnungen oder Daten. <img loading=\"lazy\" decoding=\"async\" class=\"alignright wp-image-490 size-medium\" src=\"https:\/\/www.moerk-metall.de\/wp-content\/uploads\/shutterstock_1203853255-300x200.jpg\" alt=\"Blechbearbeitung \/ Laserteile\" width=\"300\" height=\"200\" srcset=\"https:\/\/www.moerk-metall.de\/wp-content\/uploads\/shutterstock_1203853255-300x200.jpg 300w, https:\/\/www.moerk-metall.de\/wp-content\/uploads\/shutterstock_1203853255-1024x683.jpg 1024w, https:\/\/www.moerk-metall.de\/wp-content\/uploads\/shutterstock_1203853255-768x512.jpg 768w, https:\/\/www.moerk-metall.de\/wp-content\/uploads\/shutterstock_1203853255-1536x1024.jpg 1536w, https:\/\/www.moerk-metall.de\/wp-content\/uploads\/shutterstock_1203853255-2048x1365.jpg 2048w\" sizes=\"(max-width: 300px) 100vw, 300px\" \/>Wir k\u00f6nnen direkt <strong>GEO<\/strong>, <strong>DXF<\/strong>, <strong>DWG<\/strong> und <strong>STEP<\/strong> Daten verarbeiten. Selbstverst\u00e4ndlich optimieren wir die Fertigung, so dass wir Ihre Teile kosteng\u00fcnstig produzieren k\u00f6nnen.<br \/>\nAuf unseren modernen Trumpf Schneidlasern k\u00f6nnen wir Bleche bis zu einer Gr\u00f6\u00dfe von <strong>2 x 6 m<\/strong> und einer St\u00e4rke bis zu<strong> 20 mm<\/strong> verarbeiten. Die folgenden Blechst\u00e4rken sind m\u00f6glich:<\/p>\n<ul>\n<li>Stahlbleche bis 20 mm<\/li>\n<li>Edelstahlbleche bis 15 mm<\/li>\n<li>Aluminiumbleche bis 10 mm<\/li>\n<\/ul>\n<p>Nach dem Schneiden der <strong>Laserteile<\/strong> k\u00f6nnen wir direkt <strong>abkanten<\/strong> und <strong>biegen<\/strong>. Mit unseren <strong>Rundbiegemaschinen<\/strong> sind wir auch Experten in der Herstellung von <strong>Konen<\/strong>, <strong>Zylindern<\/strong> und <strong>Rohren<\/strong>.<\/p>\n<p>Die verschiedenen Teile verschwei\u00dfen wir zum komplexen Teil. Selbst Aluminium und Edelstahl kann geschwei\u00dft werden. Schwei\u00dfarbeiten f\u00fchren wir im <strong>MIG<\/strong>, <strong>MAG<\/strong> oder <strong>WIG<\/strong> Verfahren durch.<\/p>\n<p>Auch bereits fertig lackierte Teile k\u00f6nnen wir Ihnen gerne anbieten. Einige der M\u00f6glichkeiten sehen Sie auf der Seite <a title=\"Fertigung\" href=\"https:\/\/www.moerk-metall.de\/?page_id=113\"><strong>Fertigung<\/strong><\/a>.<\/p>\n<p>Anschlie\u00dfend k\u00f6nnen wir Ihnen die fertigen Teile mit unseren eigenen Transportern (in einem Umkreis von ca. 100 km um Leonberg\/Stuttgart herum) direkt zustellen.<\/p>\n<p style=\"text-align: center;\">\n<div id='gallery-1' class='gallery galleryid-86 gallery-columns-2 gallery-size-thumbnail'><figure class='gallery-item'>\n\t\t\t<div class='gallery-icon landscape'>\n\t\t\t\t<img loading=\"lazy\" decoding=\"async\" width=\"200\" height=\"200\" src=\"https:\/\/www.moerk-metall.de\/wp-content\/uploads\/lasern-200x200.jpg\" class=\"attachment-thumbnail size-thumbnail\" alt=\"Laserschneiden \/ Laserteile\" aria-describedby=\"gallery-1-446\" \/>\n\t\t\t<\/div>\n\t\t\t\t<figcaption class='wp-caption-text gallery-caption' id='gallery-1-446'>\n\t\t\t\tLaserschneiden\n\t\t\t\t<\/figcaption><\/figure><figure class='gallery-item'>\n\t\t\t<div class='gallery-icon landscape'>\n\t\t\t\t<img loading=\"lazy\" decoding=\"async\" width=\"200\" height=\"200\" src=\"https:\/\/www.moerk-metall.de\/wp-content\/uploads\/kanten-200x200.jpg\" class=\"attachment-thumbnail size-thumbnail\" alt=\"Kantteile \/ Laserteile\" aria-describedby=\"gallery-1-445\" \/>\n\t\t\t<\/div>\n\t\t\t\t<figcaption class='wp-caption-text gallery-caption' id='gallery-1-445'>\n\t\t\t\tAbkanten\n\t\t\t\t<\/figcaption><\/figure><figure class='gallery-item'>\n\t\t\t<div class='gallery-icon landscape'>\n\t\t\t\t<img loading=\"lazy\" decoding=\"async\" width=\"200\" height=\"200\" src=\"https:\/\/www.moerk-metall.de\/wp-content\/uploads\/flexen-200x200.jpg\" class=\"attachment-thumbnail size-thumbnail\" alt=\"Blechbearbeitung \/ Laserteile\" aria-describedby=\"gallery-1-444\" \/>\n\t\t\t<\/div>\n\t\t\t\t<figcaption class='wp-caption-text gallery-caption' id='gallery-1-444'>\n\t\t\t\tManuelle Bearbeitung\n\t\t\t\t<\/figcaption><\/figure><figure class='gallery-item'>\n\t\t\t<div class='gallery-icon portrait'>\n\t\t\t\t<img loading=\"lazy\" decoding=\"async\" width=\"200\" height=\"200\" src=\"https:\/\/www.moerk-metall.de\/wp-content\/uploads\/schweissen-200x200.jpg\" class=\"attachment-thumbnail size-thumbnail\" alt=\"Schweissen \/ Laserteile\" aria-describedby=\"gallery-1-447\" \/>\n\t\t\t<\/div>\n\t\t\t\t<figcaption class='wp-caption-text gallery-caption' id='gallery-1-447'>\n\t\t\t\tSchweissen\n\t\t\t\t<\/figcaption><\/figure>\n\t\t<\/div>\n\n","protected":false},"excerpt":{"rendered":"<p>Wir fertigen Laserteile nach Ihren Konstruktionszeichnungen oder Daten. Wir k\u00f6nnen direkt GEO, DXF, DWG und STEP Daten verarbeiten. Selbstverst\u00e4ndlich optimieren wir die Fertigung, so dass wir Ihre Teile kosteng\u00fcnstig produzieren k\u00f6nnen. Auf unseren modernen Trumpf Schneidlasern k\u00f6nnen wir Bleche bis zu einer Gr\u00f6\u00dfe von 2 x 6 m und einer St\u00e4rke bis zu 20 mm &hellip;<\/p>\n<p class=\"read-more\"> <a class=\"\" href=\"https:\/\/www.moerk-metall.de\/?page_id=86\"> <span class=\"screen-reader-text\">Leistungen<\/span> Weiterlesen &raquo;<\/a><\/p>\n","protected":false},"author":1,"featured_media":0,"parent":0,"menu_order":1,"comment_status":"closed","ping_status":"closed","template":"","meta":{"footnotes":""},"class_list":["post-86","page","type-page","status-publish","hentry"],"yoast_head":"<!-- This site is optimized with the Yoast SEO plugin v25.5 - https:\/\/yoast.com\/wordpress\/plugins\/seo\/ -->\n<title>Leistungen - M\u00d6RK METALL<\/title>\n<meta name=\"description\" content=\"Laserteile, Kantteile, Schwei\u00dfkonstruktionen - alles aus einer Hand. Rohre und Konen k\u00f6nnen wir ebenfalls runden. Profitieren Sie von unserm Know-How!\" \/>\n<meta name=\"robots\" content=\"index, follow, max-snippet:-1, max-image-preview:large, max-video-preview:-1\" \/>\n<link rel=\"canonical\" href=\"https:\/\/www.moerk-metall.de\/?page_id=86\" \/>\n<meta property=\"og:locale\" content=\"de_DE\" \/>\n<meta property=\"og:type\" content=\"article\" \/>\n<meta property=\"og:title\" content=\"Leistungen - M\u00d6RK METALL\" \/>\n<meta property=\"og:description\" content=\"Laserteile, Kantteile, Schwei\u00dfkonstruktionen - alles aus einer Hand. Rohre und Konen k\u00f6nnen wir ebenfalls runden. Profitieren Sie von unserm Know-How!\" \/>\n<meta property=\"og:url\" content=\"https:\/\/www.moerk-metall.de\/?page_id=86\" \/>\n<meta property=\"og:site_name\" content=\"M\u00d6RK METALL\" \/>\n<meta property=\"article:modified_time\" content=\"2024-07-19T09:37:55+00:00\" \/>\n<meta property=\"og:image\" content=\"https:\/\/www.moerk-metall.de\/wp-content\/uploads\/lasern-200x200.jpg\" \/>\n<meta name=\"twitter:card\" content=\"summary_large_image\" \/>\n<meta name=\"twitter:label1\" content=\"Gesch\u00e4tzte Lesezeit\" \/>\n\t<meta name=\"twitter:data1\" content=\"2\u00a0Minuten\" \/>\n<script type=\"application\/ld+json\" class=\"yoast-schema-graph\">{\"@context\":\"https:\/\/schema.org\",\"@graph\":[{\"@type\":\"WebPage\",\"@id\":\"https:\/\/www.moerk-metall.de\/?page_id=86\",\"url\":\"https:\/\/www.moerk-metall.de\/?page_id=86\",\"name\":\"Leistungen - M\u00d6RK METALL\",\"isPartOf\":{\"@id\":\"https:\/\/www.moerk-metall.de\/#website\"},\"primaryImageOfPage\":{\"@id\":\"https:\/\/www.moerk-metall.de\/?page_id=86#primaryimage\"},\"image\":{\"@id\":\"https:\/\/www.moerk-metall.de\/?page_id=86#primaryimage\"},\"thumbnailUrl\":\"http:\/\/www.moerk-metall.de\/wp-content\/uploads\/shutterstock_1203853255-300x200.jpg\",\"datePublished\":\"2013-02-10T14:27:58+00:00\",\"dateModified\":\"2024-07-19T09:37:55+00:00\",\"description\":\"Laserteile, Kantteile, Schwei\u00dfkonstruktionen - alles aus einer Hand. Rohre und Konen k\u00f6nnen wir ebenfalls runden. Profitieren Sie von unserm Know-How!\",\"breadcrumb\":{\"@id\":\"https:\/\/www.moerk-metall.de\/?page_id=86#breadcrumb\"},\"inLanguage\":\"de\",\"potentialAction\":[{\"@type\":\"ReadAction\",\"target\":[\"https:\/\/www.moerk-metall.de\/?page_id=86\"]}]},{\"@type\":\"ImageObject\",\"inLanguage\":\"de\",\"@id\":\"https:\/\/www.moerk-metall.de\/?page_id=86#primaryimage\",\"url\":\"http:\/\/www.moerk-metall.de\/wp-content\/uploads\/shutterstock_1203853255-300x200.jpg\",\"contentUrl\":\"http:\/\/www.moerk-metall.de\/wp-content\/uploads\/shutterstock_1203853255-300x200.jpg\"},{\"@type\":\"BreadcrumbList\",\"@id\":\"https:\/\/www.moerk-metall.de\/?page_id=86#breadcrumb\",\"itemListElement\":[{\"@type\":\"ListItem\",\"position\":1,\"name\":\"Startseite\",\"item\":\"https:\/\/www.moerk-metall.de\/\"},{\"@type\":\"ListItem\",\"position\":2,\"name\":\"Leistungen\"}]},{\"@type\":\"WebSite\",\"@id\":\"https:\/\/www.moerk-metall.de\/#website\",\"url\":\"https:\/\/www.moerk-metall.de\/\",\"name\":\"M\u00d6RK METALL\",\"description\":\"Blechbearbeitung - Metallbau\",\"publisher\":{\"@id\":\"https:\/\/www.moerk-metall.de\/#organization\"},\"potentialAction\":[{\"@type\":\"SearchAction\",\"target\":{\"@type\":\"EntryPoint\",\"urlTemplate\":\"https:\/\/www.moerk-metall.de\/?s={search_term_string}\"},\"query-input\":{\"@type\":\"PropertyValueSpecification\",\"valueRequired\":true,\"valueName\":\"search_term_string\"}}],\"inLanguage\":\"de\"},{\"@type\":\"Organization\",\"@id\":\"https:\/\/www.moerk-metall.de\/#organization\",\"name\":\"M\u00f6rk Blechbearbeitung GmbH\",\"url\":\"https:\/\/www.moerk-metall.de\/\",\"logo\":{\"@type\":\"ImageObject\",\"inLanguage\":\"de\",\"@id\":\"https:\/\/www.moerk-metall.de\/#\/schema\/logo\/image\/\",\"url\":\"https:\/\/www.moerk-metall.de\/wp-content\/uploads\/cropped-M\u00f6rk_Logo2_transparent.png\",\"contentUrl\":\"https:\/\/www.moerk-metall.de\/wp-content\/uploads\/cropped-M\u00f6rk_Logo2_transparent.png\",\"width\":470,\"height\":132,\"caption\":\"M\u00f6rk Blechbearbeitung GmbH\"},\"image\":{\"@id\":\"https:\/\/www.moerk-metall.de\/#\/schema\/logo\/image\/\"}}]}<\/script>\n<!-- \/ Yoast SEO plugin. -->","yoast_head_json":{"title":"Leistungen - M\u00d6RK METALL","description":"Laserteile, Kantteile, Schwei\u00dfkonstruktionen - alles aus einer Hand. Rohre und Konen k\u00f6nnen wir ebenfalls runden. Profitieren Sie von unserm Know-How!","robots":{"index":"index","follow":"follow","max-snippet":"max-snippet:-1","max-image-preview":"max-image-preview:large","max-video-preview":"max-video-preview:-1"},"canonical":"https:\/\/www.moerk-metall.de\/?page_id=86","og_locale":"de_DE","og_type":"article","og_title":"Leistungen - M\u00d6RK METALL","og_description":"Laserteile, Kantteile, Schwei\u00dfkonstruktionen - alles aus einer Hand. Rohre und Konen k\u00f6nnen wir ebenfalls runden. Profitieren Sie von unserm Know-How!","og_url":"https:\/\/www.moerk-metall.de\/?page_id=86","og_site_name":"M\u00d6RK METALL","article_modified_time":"2024-07-19T09:37:55+00:00","og_image":[{"url":"https:\/\/www.moerk-metall.de\/wp-content\/uploads\/lasern-200x200.jpg","type":"","width":"","height":""}],"twitter_card":"summary_large_image","twitter_misc":{"Gesch\u00e4tzte Lesezeit":"2\u00a0Minuten"},"schema":{"@context":"https:\/\/schema.org","@graph":[{"@type":"WebPage","@id":"https:\/\/www.moerk-metall.de\/?page_id=86","url":"https:\/\/www.moerk-metall.de\/?page_id=86","name":"Leistungen - M\u00d6RK METALL","isPartOf":{"@id":"https:\/\/www.moerk-metall.de\/#website"},"primaryImageOfPage":{"@id":"https:\/\/www.moerk-metall.de\/?page_id=86#primaryimage"},"image":{"@id":"https:\/\/www.moerk-metall.de\/?page_id=86#primaryimage"},"thumbnailUrl":"http:\/\/www.moerk-metall.de\/wp-content\/uploads\/shutterstock_1203853255-300x200.jpg","datePublished":"2013-02-10T14:27:58+00:00","dateModified":"2024-07-19T09:37:55+00:00","description":"Laserteile, Kantteile, Schwei\u00dfkonstruktionen - alles aus einer Hand. Rohre und Konen k\u00f6nnen wir ebenfalls runden. Profitieren Sie von unserm Know-How!","breadcrumb":{"@id":"https:\/\/www.moerk-metall.de\/?page_id=86#breadcrumb"},"inLanguage":"de","potentialAction":[{"@type":"ReadAction","target":["https:\/\/www.moerk-metall.de\/?page_id=86"]}]},{"@type":"ImageObject","inLanguage":"de","@id":"https:\/\/www.moerk-metall.de\/?page_id=86#primaryimage","url":"http:\/\/www.moerk-metall.de\/wp-content\/uploads\/shutterstock_1203853255-300x200.jpg","contentUrl":"http:\/\/www.moerk-metall.de\/wp-content\/uploads\/shutterstock_1203853255-300x200.jpg"},{"@type":"BreadcrumbList","@id":"https:\/\/www.moerk-metall.de\/?page_id=86#breadcrumb","itemListElement":[{"@type":"ListItem","position":1,"name":"Startseite","item":"https:\/\/www.moerk-metall.de\/"},{"@type":"ListItem","position":2,"name":"Leistungen"}]},{"@type":"WebSite","@id":"https:\/\/www.moerk-metall.de\/#website","url":"https:\/\/www.moerk-metall.de\/","name":"M\u00d6RK METALL","description":"Blechbearbeitung - Metallbau","publisher":{"@id":"https:\/\/www.moerk-metall.de\/#organization"},"potentialAction":[{"@type":"SearchAction","target":{"@type":"EntryPoint","urlTemplate":"https:\/\/www.moerk-metall.de\/?s={search_term_string}"},"query-input":{"@type":"PropertyValueSpecification","valueRequired":true,"valueName":"search_term_string"}}],"inLanguage":"de"},{"@type":"Organization","@id":"https:\/\/www.moerk-metall.de\/#organization","name":"M\u00f6rk Blechbearbeitung GmbH","url":"https:\/\/www.moerk-metall.de\/","logo":{"@type":"ImageObject","inLanguage":"de","@id":"https:\/\/www.moerk-metall.de\/#\/schema\/logo\/image\/","url":"https:\/\/www.moerk-metall.de\/wp-content\/uploads\/cropped-M\u00f6rk_Logo2_transparent.png","contentUrl":"https:\/\/www.moerk-metall.de\/wp-content\/uploads\/cropped-M\u00f6rk_Logo2_transparent.png","width":470,"height":132,"caption":"M\u00f6rk Blechbearbeitung GmbH"},"image":{"@id":"https:\/\/www.moerk-metall.de\/#\/schema\/logo\/image\/"}}]}},"_links":{"self":[{"href":"https:\/\/www.moerk-metall.de\/index.php?rest_route=\/wp\/v2\/pages\/86"}],"collection":[{"href":"https:\/\/www.moerk-metall.de\/index.php?rest_route=\/wp\/v2\/pages"}],"about":[{"href":"https:\/\/www.moerk-metall.de\/index.php?rest_route=\/wp\/v2\/types\/page"}],"author":[{"embeddable":true,"href":"https:\/\/www.moerk-metall.de\/index.php?rest_route=\/wp\/v2\/users\/1"}],"replies":[{"embeddable":true,"href":"https:\/\/www.moerk-metall.de\/index.php?rest_route=%2Fwp%2Fv2%2Fcomments&post=86"}],"version-history":[{"count":46,"href":"https:\/\/www.moerk-metall.de\/index.php?rest_route=\/wp\/v2\/pages\/86\/revisions"}],"predecessor-version":[{"id":634,"href":"https:\/\/www.moerk-metall.de\/index.php?rest_route=\/wp\/v2\/pages\/86\/revisions\/634"}],"wp:attachment":[{"href":"https:\/\/www.moerk-metall.de\/index.php?rest_route=%2Fwp%2Fv2%2Fmedia&parent=86"}],"curies":[{"name":"wp","href":"https:\/\/api.w.org\/{rel}","templated":true}]}}